691317519 a composite number?
True
Is 130338996847 prime?
True
Is 6109590583 prime?
False
Is 449146057 prime?
False
Is 23790155467 composite?
True
Is 24130767611 a prime number?
True
Is 9999504701 prime?
True
Is 38875236581 a composite number?
True
Is 6391581073 a composite number?
True
Is 4638256439 prime?
True
Is 46939867421 prime?
False
Is 485116201 prime?
False
Is 32796949403 a prime number?
True
Is 19390208207 a prime number?
False
Is 1803493 composite?
False
Is 217163311 a composite number?
False
Is 1667117957 prime?
True
Is 5828928355 composite?
True
Is 44768830147 prime?
False
Is 21322089839 a prime number?
False
Is 4402660769 a prime number?
False
Is 10857963247 prime?
False
Is 17686664573 prime?
False
Is 710041049 a composite number?
False
Is 653598349 a prime number?
True
Is 5466539249 prime?
True
Is 1375067333 prime?
True
Is 71627616707 a prime number?
True
Is 118364611 a prime number?
True
Is 25656756341 composite?
True
Is 243888163 a composite number?
True
Is 1146729707 composite?
True
Is 1321670159 a composite number?
False
Is 5845284629 prime?
True
Is 6693581449 prime?
False
Is 77333147959 prime?
True
Is 36922625723 a prime number?
True
Is 3597957995 composite?
True
Is 20489333951 prime?
False
Is 90285308833 a composite number?
False
Is 2884498163 composite?
True
Is 407262673 a prime number?
False
Is 662669674 prime?
False
Is 18810008303 composite?
True
Is 131304961 a prime number?
True
Is 3163975753 prime?
True
Is 2021861011 prime?
False
Is 4852734707 a prime number?
True
Is 36883886311 prime?
False
Is 1014185951 a prime number?
True
Is 30892048981 prime?
False
Is 4065506957 composite?
False
Is 7802866763 a prime number?
True
Is 10872059897 composite?
False
Is 7442975027 a composite number?
True
Is 18221916061 a prime number?
False
Is 12338021945 composite?
True
Is 294057613 a prime number?
False
Is 692996881 a prime number?
True
Is 383612419 composite?
True
Is 1511463554 a composite number?
True
Is 157870406 a composite number?
True
Is 2383399339 a composite number?
False
Is 57621943 a prime number?
False
Is 542902337 a composite number?
True
Is 113089838717 composite?
True
Is 664571629 a composite number?
False
Is 50431707661 composite?
True
Is 594909394 composite?
True
Is 272751769 composite?
True
Is 14391597617 a prime number?
True
Is 3659315081 a composite number?
True
Is 8204008513 a composite number?
False
Is 961479607 composite?
True
Is 18099399151 a composite number?
False
Is 362828698 a prime number?
False
Is 328849163 a prime number?
True
Is 135663604073 composite?
True
Is 2692103003 a prime number?
True
Is 426793573 a composite number?
False
Is 5137159409 composite?
True
Is 2870061391 prime?
True
Is 1984038751 a prime number?
True
Is 37795061 a prime number?
False
Is 1451534803 a prime number?
True
Is 362453029999 a prime number?
False
Is 572980526 a prime number?
False
Is 54852150179 a composite number?
False
Is 7830055661 composite?
False
Is 683402579 a composite number?
False
Is 148791169871 a prime number?
False
Is 748866709 prime?
False
Is 7185802289 composite?
True
Is 3395468381 prime?
False
Is 1726545077 prime?
False
Is 2555850613 a prime number?
False
Is 27154299 prime?
False
Is 540290449 a composite number?
True
Is 793066853 prime?
True
Is 987502963 a composite number?
True
Is 77299351 a prime number?
True
Is 2902448117 prime?
False
Is 7015089251 composite?
False
Is 12106163773 a composite number?
True
Is 929211427 composite?
True
Is 3700138661 prime?
False
Is 17202845609 composite?
True
Is 3791083639 composite?
True
Is 2930762389 a prime number?
True
Is 8185608583 a composite number?
False
Is 336118637 composite?
False
Is 101437478321 prime?
True
Is 6397789697 prime?
False
Is 85061729 prime?
False
Is 161685967 prime?
False
Is 5669358997 a composite number?
True
Is 6612759641 composite?
True
Is 24151898899 composite?
False
Is 1002494411 a composite number?
False
Is 418093987 a prime number?
False
Is 71155687 composite?
True
Is 117712993 a composite number?
False
Is 15341299 prime?
False
Is 138962491021 a prime number?
True
Is 139202017 a composite number?
False
Is 48675172081 prime?
False
Is 5158613077 prime?
False
Is 273380881 a composite number?
False
Is 1092950435 a composite number?
True
Is 4454060833 a composite number?
False
Is 101733565 prime?
False
Is 3156500093 a prime number?
False
Is 13501902611 composite?
True
Is 12272592677 a prime number?
True
Is 1159607401 a prime number?
True
Is 7578914597 composite?
True
Is 16262766581 a composite number?
True
Is 13735116695 a composite number?
True
Is 100448688869 a prime number?
False
Is 155860578953 prime?
False
Is 103457573719 prime?
True
Is 21756825835 a prime number?
False
Is 41702637055 prime?
False
Is 14592704827 a prime number?
True
Is 528132679667 a prime number?
True
Is 7783063189 composite?
True
Is 346276603 a composite number?
True
Is 684627479 prime?
False
Is 11203106747 a composite number?
True
Is 432031001 prime?
True
Is 1015750267 composite?
True
Is 5557773929 composite?
False
Is 80504710499 a composite number?
False
Is 1425341977 a prime number?
True
Is 8842516091 composite?
False
Is 380183081 a composite number?
True
Is 135073502 prime?
False
Is 192589645277 a prime number?
False
Is 3677664079 composite?
False
Is 139322898427 composite?
True
Is 2794630421 prime?
False
Is 1284468163 composite?
True
Is 2479509173 a composite number?
False
Is 83289197951 prime?
False
Is 15790861 prime?
True
Is 279415531 composite?
False
Is 1347503449 prime?
False
Is 35439946907 prime?
False
Is 16067671 a composite number?
False
Is 8167665277 a composite number?
False
Is 2116634423 a composite number?
False
Is 21174064363 a prime number?
True
Is 1257576899 prime?
True
Is 518308069 prime?
False
Is 145496711 prime?
False
Is 4658877979 composite?
True
Is 170721771229 prime?
True
Is 6927127259 prime?
False
Is 43399159943 a prime number?
False
Is 8333633471 a composite number?
False
Is 2962414199 a composite number?
False
Is 1264155059 composite?
False
Is 8717577043 a composite number?
True
Is 22944135469 a composite number?
True
Is 2267141873 prime?
True
Is 3275609693 a prime number?
True
Is 676944523 prime?
True
Is 499958839 a composite number?
False
Is 4909649291 a composite number?
False
Is 22783888009 prime?
False
Is 5115291749 a composite number?
False
Is 34857789091 composite?
False
Is 48003712607 a composite number?
False
Is 10619309183 a prime number?
False
Is 3764830087 composite?
False
Is 385100179 a composite number?
False
Is 29625167483 a composite number?
True
Is 17627879 prime?
False
Is 35045101747 a prime number?
False
Is 26288455471 a prime number?
False
Is 1788820853 composite?
False
Is 215724527 a composite number?
True
Is 155941669 a composite number?
True
Is 308678057 a composite number?
False
Is 5007827021 a composite number?
True
Is 162403957 composite?
True
Is 25730846437 prime?
True
Is 17823433181 a composite number?
False
Is 93500464907 prime?
True
Is 1444395457 a prime number?
True
Is 11087355427 a composite number?
False
Is 9812585303 a composite number?
False
Is 1077193751 a composite number?
False
Is 1734344119 composite?
False
Is 18669241769 prime?
True
Is 97539449479 prime?
True
Is 3349631755 prime?
False
Is 8614910485 a prime number?
False
Is 3643719829 prime?
True
Is 1354343149 composite?
False
Is 1209668599 a prime number?
True
Is 4375549171 a prime number?
False
Is 39842410847 prime?
False
Is 32009253217 composite?
False
Is 227662720017 composite?
True
Is 21380836303 a composite number?
False
Is 6912590717 prime?
False
Is 1826923687 a composite number?
False
Is 734406781 a composite number?
True
Is 1357634755 composite?
True
Is 185541745369 a prime number?
True
Is 681311287 a composite number?
True
Is 1201363609 a prime number?
False
Is 30855161543 a prime number?
True
Is 23764369777 composite?
True
Is 8268893503 prime?
False
Is 6983757367 a prime number?
False
Is 162160685909 a composite number?
True
Is 1133543837 a prime number?
True
Is 3473415299 a prime number?
False
Is 150721933 a prime number?
False
Is 1944999709 a prime number?
False
Is 232232467 prime?
True
Is 1196984281 composite?
True
Is 3052453447 a prime number?
True
Is 4553368879 a composite number?
True
Is 151351619 prime?
True
Is 7755508121 a composite numbe